on factor of 22 and z.
22
Suppose 0 = -2*t - 16 + 2. Let n(s) = s**2 + 7*s - 3. Let m be n(t). Let v = 5 + m. What is the greatest common divisor of 6 and v?
2
Let d be (0 - (-44)/3)*(11 + -8). What is the highest common factor of 33 and d?
11
Suppose -3*a = 4*i - 154, -3*i - 2*a = -83 - 33. Suppose 2*n = -0*n + i. What is the greatest common factor of 5 and n?
5
Suppose -3*d - 19 = -73. What is the greatest common divisor of d and 99?
9
Let h(z) = -z**3 + 4*z**2 + 3. Let o = 11 + -8. Let m be h(o). Calculate the greatest common divisor of m and 36.
12
Let f(q) = 27*q**2 - 2*q + 1. Let n be f(2). Let b(m) = 15*m**2 + m + 1. Let d be b(-1). What is the greatest common factor of d and n?
15
Let c(q) = -6*q - 6. Let r be c(-4). Calculate the greatest common factor of 45 and r.
9
Suppose -2*b + 4*b - 64 = 0. Let d(n) = n**2 - 3*n - 6. Let z be (28/(-35))/((-4)/(-30)). Let t be d(z). What is the greatest common factor of t and b?
16
Let l = 31 + -14. Let q be l - 11 - 4/(-2). What is the highest common divisor of 64 and q?
8
Let i = 13 + -1. Calculate the greatest common factor of i and 4.
4
Suppose 1 - 13 = -4*c. Let w be (c - -1)*(2 + 14). What is the greatest common factor of w and 8?
8
Suppose -5*a = -9*a + 264. Calculate the greatest common factor of a and 99.
33
Let w(v) = -v**3 + v**2 - 6*v + 3. Let c be w(-3). What is the highest common factor of c and 19?
19
Suppose -2*v = 10*v - 1716. What is the highest common factor of 11 and v?
11
Let l = 13 - 23. Let b be (5/l)/((-3)/6). Let q be (-2 - 0)/1 - -13. Calculate the highest common divisor of b and q.
1
Let d = 54 - 42. What is the highest common factor of d and 48?
12
Let y = 298 + -177. What is the highest common factor of y and 11?
11
Suppose -4*v = -0*v - 32. Suppose -884 = -3*i + 5*d, -i + v = -5*d - 280. Suppose -3*c + 14 = -i. Calculate the greatest common divisor of 13 and c.
13
Let w be (-164)/(-3) - (-6)/18. Calculate the greatest common factor of w and 5.
5
Suppose -2*m + 89 = 21. Let r = m - 14. Calculate the highest common divisor of r and 160.
20
Let d(k) = -k**2 + 6*k + 15. Let h be d(7). What is the greatest common divisor of h and 1?
1
Suppose -2*j + 4 = -8. Suppose -j*g + 56 = -4*g. Calculate the greatest common divisor of 14 and g.
14
Let h be (3 - -3)/(2/36). What is the greatest common factor of 12 and h?
12
Suppose g - 4 = -3*c + 24, -8 = -2*g. Calculate the highest common factor of c and 64.
8
Let c(w) = -w. Let s(l) = 9*l + 4. Let u(o) = -6*c(o) - s(o). Let n be u(-8). What is the highest common divisor of n and 140?
20
Let w = 38 + -22. Suppose 6*l - 8*l - w = 0. Let v be 268/16 - 2/l. Calculate the highest common factor of v and 34.
17
Let d = -1 + 1. Let y = d - -2. Let b(k) = 5*k - 7. Let f be b(5). What is the highest common divisor of y and f?
2
Let s be (-1)/(-5) - 31/5. Let r = s - -14. What is the greatest common factor of 72 and r?
8
Suppose 4*y + 30 = -5*m + 80, 8 = -4*m. Let r be (-12 + 17)*(-9)/(-1). Let k be (-10)/r + 1217/9. What is the highest common factor of k and y?
15
Let f = 152 - 44. Suppose t = -3, -t - 2*t = -2*v + 47. Let k = 31 - v. What is the highest common factor of f and k?
12
Let m be 7/7 + 18/2. Let h = -88 - -128. What is the highest common divisor of h and m?
10
Suppose -2*v + 0*v + 4 = 0. Suppose -4*f = v*j + 2*j + 4, -3*j - 2*f = 1. Calculate the greatest common factor of j and 9.
1
Let s(k) be the second derivative of -5*k**3/6 - 3*k**2/2 + k. Let b be s(-2). What is the highest common factor of 49 and b?
7
Suppose -2*p + 3*p + 238 = -5*v, -4*v - 4*p = 184. Let h be (v/40)/(4/(-10)). Let m be -2 + h - (1 + -25). Calculate the greatest common divisor of 10 and m.
5
Suppose -1 - 2 = -w. Suppose -w*i + 2*x + 8 = x, 5*x = -5*i. Calculate the greatest common divisor of 10 and i.
2
Let p be (-78)/(-12) - (-2)/(-4). Let g be (1 - -2)*2/p. Calculate the highest common divisor of 9 and g.
1
Suppose -2*b = -2 + 20. Let g = b + 16. Suppose 3*l - g = 2. What is the greatest common factor of l and 2?
1
Let k = 5 + -4. Let x be 12*k/1 - 1. Calculate the highest common factor of x and 99.
11
Suppose 5*j = 2*b + 416, 2*b - 20 = -j + 56. Calculate the greatest common factor of 205 and j.
41
Suppose t = 2 + 1. Suppose t*m - 5 = 1. Suppose 0 = a - m - 2. What is the greatest common factor of a and 36?
4
Let j(r) = 15*r + 6. Let x be j(2). What is the highest common factor of x and 48?
12
Let t(s) = s + 3. Let p be t(0). Let x be p - 57/(1 - 4). What is the greatest common divisor of x and 176?
22
Let a = 1 + 20. Let v be (-4)/((1 + 0)/1). Let s be (-570)/(-40) - (-1)/v. Calculate the highest common divisor of s and a.
7
Let b be (-2)/(-3) - 44/(-6). Suppose 5*v - 50 = -4*u, -5*u = -4*v - 5 - 37. Suppose 2 + u = 3*n. What is the greatest common factor of b and n?
4
Let k = 65 + -36. Let i = k - 17. What is the greatest common divisor of i and 4?
4
Let v = 5 - 2. Calculate the greatest common divisor of 9 and v.
3
Let j(d) = 4*d**3 - d**2 - 4*d + 1. Let q be j(3). What is the greatest common divisor of q and 8?
8
Let q(w) = -507*w**3 + 2*w**2 + 2*w + 1. Let r be q(-1). Suppose s - r = -4*x + 5*s, 3*x = -s + 385. What is the greatest common factor of x and 16?
16
Let j(y) = y**2 + 5*y - 3. Let z be j(-9). Let a be 1 - -1 - -2*1. Let w be (11/a)/((-3)/(-12)). What is the greatest common divisor of w and z?
11
Suppose 9*j - 4*j = 0. Suppose j*y - 108 = -2*y. What is the greatest common factor of y and 6?
6
Let z = 251 - 171. Calculate the greatest common factor of 32 and z.
16
Suppose -3*h + 2*s = -78, -h = -s - 2*s - 33. Suppose -3*i + 0*i = 5*c - 105, 4*i = -20. What is the greatest common factor of h and c?
24
Let m = 4 + 1. Suppose 7*s = 4*t + 3*s - 324, m*s = -3*t + 267. Calculate the highest common factor of t and 21.
21
Let p = -3 - -5. Suppose l + 30 = -3*u + 3*l, -2*u - 3*l = 33. Let j = 10 - u. Calculate the highest common divisor of j and p.
2
Let z be (-3 - 8/(-3))*-33. Let h = z - 14. Let w be 15/(-2)*4/h. What is the highest common factor of w and 50?
10
Let d be 438/48 - 2/16. Let v = -30 - -93. Calculate the greatest common divisor of d and v.
9
Let z(o) = o + 4. Let c be z(-4). Suppose 2*s + 2*s - 60 = c. Calculate the highest common factor of 75 and s.
15
Suppose -3*o - 2*v + 3 = -7, -4*v - 2 = -5*o. Let t be 2/4*(0 + 6). Suppose 2*s + 13 = -5*l, t*s + 2 - 8 = l. Calculate the greatest common divisor of s and o.
1
Suppose -2*s + 2 = -6. Let p = 23 + s. What is the highest common factor of p and 27?
27
Let s be (-1)/3 + (-272)/(-51). Let h(l) = -9*l - 5. Let t be h(-5). What is the highest common divisor of t and s?
5
Let g = 113 + -39. Calculate the greatest common factor of g and 37.
37
Let y be (632/4)/(0 - -2). Suppose -5*r + c + y = 0, -55 = -5*r - 3*c - 2*c. Calculate the greatest common divisor of r and 15.
15
Let r(a) = a**3 - 4*a**2 + 5*a - 4. Let m be r(4). Calculate the highest common divisor of m and 144.
16
Let q(z) = -16*z**3. Let t be q(-1). Suppose -3*m + 2*f = 3*f - 103, 4*f - t = 0. Suppose 10 = 3*h + 1. Calculate the greatest common divisor of m and h.
3
Let x = 6 - -4. Let m(q) = 10 + q**2 - 2*q + 2*q - 9*q. Let r be m(x). What is the highest common divisor of r and 30?
10
Let o be (-15380)/(-70) - 4/(-14). What is the highest common divisor of 20 and o?
20
Suppose -2*t = 2*h - 60, t = -3*h - 2*h + 22. What is the greatest common factor of 352 and t?
32
Let p be (2 - 3)*(0 + -1). Let x be (-39)/(-4) + p/4. Calculate the highest common factor of x and 90.
10
Let i(x) = -44*x. Suppose 0 = 5*d + 4*t - 64, -2*t + 43 = 4*d - 7*t. Let k be i(d). Let a be 6/(-10) + k/(-5). What is the greatest common factor of 15 and a?
15
Suppose -x + 11 = 3. Let u(p) = p**2 + 2*p - 3. Let c be u(-4). Suppose -c*j + 2 - 47 = -3*g, 3 = j. What is the highest common factor of x and g?
4
Suppose -5*v + 2*x + 1601 = 4*x, -629 = -2*v + 3*x. Calculate the greatest common factor of 29 and v.
29
Let p be 160/(-3)*45/(-10). Let z be (-18)/15*p/(-9). What is the highest common factor of z and 48?
16
Let s be (-18)/(-4)*(-1 + 3). Suppose 0 = 9*w - 2*w - 63. What is the highest common divisor of w and s?
9
Let g(z) = z**2 - 9*z - 4. Let i be g(-8). Calculate the highest common factor of 12 and i.
12
Suppose -273 = -6*u - 21. What is the greatest c